[INFO] fetching crate portapack-hal 0.1.1...
[INFO] checking portapack-hal-0.1.1 against master#af3c6e733a40e671550e0f0f5aeecaa13772ba56 for pr-74989
[INFO] extracting crate portapack-hal 0.1.1 into /workspace/builds/worker-0/source
[INFO] validating manifest of crates.io crate portapack-hal 0.1.1 on toolchain af3c6e733a40e671550e0f0f5aeecaa13772ba56
[INFO] running `Command { std: "/workspace/cargo-home/bin/cargo" "+af3c6e733a40e671550e0f0f5aeecaa13772ba56" "read-manifest" "--manifest-path" "Cargo.toml", kill_on_drop: false }`
[INFO] started tweaking crates.io crate portapack-hal 0.1.1
[INFO] finished tweaking crates.io crate portapack-hal 0.1.1
[INFO] tweaked toml for crates.io crate portapack-hal 0.1.1 written to /workspace/builds/worker-0/source/Cargo.toml
[INFO] running `Command { std: "/workspace/cargo-home/bin/cargo" "+af3c6e733a40e671550e0f0f5aeecaa13772ba56" "generate-lockfile" "--manifest-path" "Cargo.toml" "-Zno-index-update", kill_on_drop: false }`
[INFO] running `Command { std: "/workspace/cargo-home/bin/cargo" "+af3c6e733a40e671550e0f0f5aeecaa13772ba56" "fetch" "--locked" "--manifest-path" "Cargo.toml", kill_on_drop: false }`
[INFO] running `Command { std: "docker" "create" "-v" "/var/lib/crater-agent-workspace/builds/worker-0/target:/opt/rustwide/target:rw,Z" "-v" "/var/lib/crater-agent-workspace/builds/worker-0/source:/opt/rustwide/workdir:ro,Z" "-v" "/var/lib/crater-agent-workspace/cargo-home:/opt/rustwide/cargo-home:ro,Z" "-v" "/var/lib/crater-agent-workspace/rustup-home:/opt/rustwide/rustup-home:ro,Z" "-e" "SOURCE_DIR=/opt/rustwide/workdir" "-e" "CARGO_TARGET_DIR=/opt/rustwide/target" "-e" "CARGO_HOME=/opt/rustwide/cargo-home" "-e" "RUSTUP_HOME=/opt/rustwide/rustup-home" "-w" "/opt/rustwide/workdir" "-m" "1610612736" "--user" "0:0" "--network" "none" "rustops/crates-build-env@sha256:d92eaeed33fa75130ca1ee6c8a01d1ffb62bac859dfdfb3450e3e5d1c0146529" "/opt/rustwide/cargo-home/bin/cargo" "+af3c6e733a40e671550e0f0f5aeecaa13772ba56" "metadata" "--no-deps" "--format-version=1", kill_on_drop: false }`
[INFO] [stdout] cbc0e534ec3d1b4ce565861579ebcc8b8c58dbebfc72a9dc5cfd0f1d2885d500
[INFO] [stderr] WARNING: Your kernel does not support swap limit capabilities or the cgroup is not mounted. Memory limited without swap.
[INFO] running `Command { std: "docker" "start" "-a" "cbc0e534ec3d1b4ce565861579ebcc8b8c58dbebfc72a9dc5cfd0f1d2885d500", kill_on_drop: false }`
[INFO] running `Command { std: "docker" "inspect" "cbc0e534ec3d1b4ce565861579ebcc8b8c58dbebfc72a9dc5cfd0f1d2885d500", kill_on_drop: false }`
[INFO] running `Command { std: "docker" "rm" "-f" "cbc0e534ec3d1b4ce565861579ebcc8b8c58dbebfc72a9dc5cfd0f1d2885d500", kill_on_drop: false }`
[INFO] [stdout] cbc0e534ec3d1b4ce565861579ebcc8b8c58dbebfc72a9dc5cfd0f1d2885d500
[INFO] running `Command { std: "docker" "create" "-v" "/var/lib/crater-agent-workspace/builds/worker-0/target:/opt/rustwide/target:rw,Z" "-v" "/var/lib/crater-agent-workspace/builds/worker-0/source:/opt/rustwide/workdir:ro,Z" "-v" "/var/lib/crater-agent-workspace/cargo-home:/opt/rustwide/cargo-home:ro,Z" "-v" "/var/lib/crater-agent-workspace/rustup-home:/opt/rustwide/rustup-home:ro,Z" "-e" "SOURCE_DIR=/opt/rustwide/workdir" "-e" "CARGO_TARGET_DIR=/opt/rustwide/target" "-e" "CARGO_INCREMENTAL=0" "-e" "RUST_BACKTRACE=full" "-e" "RUSTFLAGS=--cap-lints=forbid" "-e" "CARGO_HOME=/opt/rustwide/cargo-home" "-e" "RUSTUP_HOME=/opt/rustwide/rustup-home" "-w" "/opt/rustwide/workdir" "-m" "1610612736" "--user" "0:0" "--network" "none" "rustops/crates-build-env@sha256:d92eaeed33fa75130ca1ee6c8a01d1ffb62bac859dfdfb3450e3e5d1c0146529" "/opt/rustwide/cargo-home/bin/cargo" "+af3c6e733a40e671550e0f0f5aeecaa13772ba56" "check" "--frozen" "--all" "--all-targets" "--message-format=json", kill_on_drop: false }`
[INFO] [stdout] 4cd6032e1e71075b05e9da82199fa18a3ae919dca10ce5772ba9b145b3289ec5
[INFO] [stderr] WARNING: Your kernel does not support swap limit capabilities or the cgroup is not mounted. Memory limited without swap.
[INFO] running `Command { std: "docker" "start" "-a" "4cd6032e1e71075b05e9da82199fa18a3ae919dca10ce5772ba9b145b3289ec5", kill_on_drop: false }`
[INFO] [stderr]     Checking volatile-register v0.1.2
[INFO] [stderr]     Checking lcd-ili9341 v0.1.0
[INFO] [stderr]     Checking lpc43xx v0.0.0
[INFO] [stderr]     Checking hackrf-hal v0.1.0
[INFO] [stdout] error[E0599]: no method named `write_word` found for struct `peripheral::gpio_port::Set` in the current scope
[INFO] [stdout]   --> /opt/rustwide/cargo-home/registry/src/github.com-1ecc6299db9ec823/hackrf-hal-0.1.0/src/gpio.rs:12:30
[INFO] [stdout]    |
[INFO] [stdout] 12 |         gpio_port().set[self.port].write_word(1 << self.pin);
[INFO] [stdout]    |                                    ^^^^^^^^^^ method not found in `peripheral::gpio_port::Set`
[INFO] [stdout] 
[INFO] [stdout] 
[INFO] [stdout] error[E0599]: no method named `write_word` found for struct `peripheral::gpio_port::Clr` in the current scope
[INFO] [stdout]   --> /opt/rustwide/cargo-home/registry/src/github.com-1ecc6299db9ec823/hackrf-hal-0.1.0/src/gpio.rs:16:30
[INFO] [stdout]    |
[INFO] [stdout] 16 |         gpio_port().clr[self.port].write_word(1 << self.pin);
[INFO] [stdout]    |                                    ^^^^^^^^^^ method not found in `peripheral::gpio_port::Clr`
[INFO] [stdout] 
[INFO] [stdout] 
[INFO] [stdout] error[E0599]: no method named `write_word` found for struct `peripheral::gpio_port::Not` in the current scope
[INFO] [stdout]   --> /opt/rustwide/cargo-home/registry/src/github.com-1ecc6299db9ec823/hackrf-hal-0.1.0/src/gpio.rs:20:30
[INFO] [stdout]    |
[INFO] [stdout] 20 |         gpio_port().not[self.port].write_word(1 << self.pin);
[INFO] [stdout]    |                                    ^^^^^^^^^^ method not found in `peripheral::gpio_port::Not`
[INFO] [stdout] 
[INFO] [stdout] 
[INFO] [stdout] error[E0599]: no method named `write_word` found for struct `peripheral::gpio_port::W` in the current scope
[INFO] [stdout]   --> /opt/rustwide/cargo-home/registry/src/github.com-1ecc6299db9ec823/hackrf-hal-0.1.0/src/gpio.rs:24:44
[INFO] [stdout]    |
[INFO] [stdout] 24 |         gpio_port().w[self.port * 32 + self.pin].write_word(value);
[INFO] [stdout]    |                                                  ^^^^^^^^^^ method not found in `peripheral::gpio_port::W`
[INFO] [stdout] 
[INFO] [stdout] 
[INFO] [stdout] error: aborting due to 4 previous errors
[INFO] [stdout] 
[INFO] [stdout] 
[INFO] [stdout] For more information about this error, try `rustc --explain E0599`.
[INFO] [stdout] 
[INFO] [stderr] error: could not compile `hackrf-hal`.
[INFO] [stderr] 
[INFO] [stderr] To learn more, run the command again with --verbose.
[INFO] running `Command { std: "docker" "inspect" "4cd6032e1e71075b05e9da82199fa18a3ae919dca10ce5772ba9b145b3289ec5", kill_on_drop: false }`
[INFO] running `Command { std: "docker" "rm" "-f" "4cd6032e1e71075b05e9da82199fa18a3ae919dca10ce5772ba9b145b3289ec5", kill_on_drop: false }`
[INFO] [stdout] 4cd6032e1e71075b05e9da82199fa18a3ae919dca10ce5772ba9b145b3289ec5
